82?
True
Is 129 a factor of 4511646?
True
Is 6794159 a multiple of 434?
False
Is 1796418 a multiple of 162?
True
Is 94 a factor of 1015294?
True
Is 442427 a multiple of 196?
False
Is 323170 a multiple of 85?
True
Is 113036 a multiple of 7?
True
Is 7079905 a multiple of 511?
True
Is 8805360 a multiple of 12?
True
Does 113 divide 1443010?
True
Does 374 divide 11064790?
True
Does 17 divide 519994?
False
Is 126990 a multiple of 51?
True
Is 4 a factor of 9136565?
False
Is 411631 a multiple of 192?
False
Is 3818487 a multiple of 12?
False
Does 87 divide 312016?
False
Does 59 divide 2158220?
True
Does 294 divide 1815261?
False
Is 220 a factor of 1118254?
False
Is 10 a factor of 88939?
False
Does 360 divide 1577160?
True
Does 75 divide 651626?
False
Is 19 a factor of 34104?
False
Does 70 divide 77144?
False
Is 1590708 a multiple of 26?
False
Is 776 a factor of 197627?
False
Is 31 a factor of 977098?
False
Is 113 a factor of 7495516?
True
Does 139 divide 353755?
True
Does 85 divide 867246?
False
Does 9 divide 397879?
False
Does 25 divide 2580?
False
Is 33 a factor of 579678?
True
Does 911 divide 21210166?
False
Does 154 divide 70524?
False
Is 1750746 a multiple of 6?
True
Is 3 a factor of 179766?
True
Does 12 divide 81384?
True
Is 7930453 a multiple of 113?
True
Is 163876 a multiple of 126?
False
Is 10 a factor of 273730?
True
Is 190 a factor of 174151?
False
Is 142875 a multiple of 75?
True
Is 388 a multiple of 5?
False
Does 16 divide 5791760?
True
Is 145 a factor of 469806?
False
Does 25 divide 63325?
True
Does 51 divide 27081?
True
Is 192365 a multiple of 79?
True
Does 191 divide 1612804?
True
Is 3756904 a multiple of 254?
False
Is 157818 a multiple of 19?
False
Is 2231736 a multiple of 39?
True
Is 1745001 a multiple of 5?
False
Does 432 divide 2276208?
True
Does 6 divide 108136?
False
Is 6 a factor of 246240?
True
Does 347 divide 339618?
False
Is 122 a factor of 650611?
False
Is 23 a factor of 54098?
False
Is 6 a factor of 13027?
False
Is 987338 a multiple of 29?
False
Is 704190 a multiple of 1031?
False
Does 3 divide 373826?
False
Is 5 a factor of 875?
True
Does 25 divide 3337575?
True
Does 1402 divide 5341369?
False
Is 5191532 a multiple of 1142?
True
Is 4404192 a multiple of 13?
True
Does 138 divide 103224?
True
Is 22 a factor of 283382?
True
Is 6109906 a multiple of 1034?
True
Is 450990 a multiple of 52?
False
Is 3297800 a multiple of 55?
True
Is 229108 a multiple of 41?
True
Is 111269 a multiple of 8?
False
Does 148 divide 340104?
True
Does 781 divide 2835267?
False
Is 3 a factor of 11000?
False
Does 3 divide 6335546?
False
Is 90037 a multiple of 19?
False
Is 2159704 a multiple of 120?
False
Is 79 a factor of 84372?
True
Does 11 divide 370656?
True
Does 36 divide 155211?
False
Is 527512 a multiple of 142?
False
Does 59 divide 151866?
True
Is 149817 a multiple of 3?
True
Is 46 a factor of 788878?
False
Is 20071408 a multiple of 28?
True
Is 100575 a multiple of 13?
False
Is 183996 a multiple of 12?
True
Is 12952548 a multiple of 324?
True
Does 26 divide 713377?
False
Is 2839312 a multiple of 808?
True
Is 1407753 a multiple of 130?
False
Is 209572 a multiple of 138?
False
Does 66 divide 81708?
True
Is 9631417 a multiple of 155?
False
Is 209286 a multiple of 6?
True
Is 16726672 a multiple of 263?
False
Is 20 a factor of 30414?
False
Does 49 divide 180128?
False
Does 15 divide 403500?
True
Does 211 divide 6630253?
True
Is 18956 a multiple of 2?
True
Is 211720 a multiple of 98?
False
Does 37 divide 716357?
True
Does 98 divide 1876700?
True
Is 7 a factor of 131028?
False
Is 227470 a multiple of 215?
True
Is 3489794 a multiple of 154?
True
Does 35 divide 9549434?
False
Does 46 divide 1782075?
False
Is 3016 even?
True
Is 1585314 a multiple of 174?
True
Is 142 a factor of 259534?
False
Does 83 divide 45009?
False
Is 305576 a multiple of 234?
False
Is 88 a factor of 7608480?
True
Is 2721337 a multiple of 179?
True
Does 111 divide 9690423?
False
Is 222193 a multiple of 33?
False
Does 29 divide 350291?
True
Does 53 divide 6709896?
False
Does 437 divide 2261475?
True
Does 5 divide 210795?
True
Is 724939 a multiple of 415?
False
Is 278 a factor of 13436?
False
Is 509191 a multiple of 8?
False
Does 3 divide 1280556?
True
Does 112 divide 330064?
True
Is 10 a factor of 444460?
True
Is 17 a factor of 1036798?
False
Is 30 a factor of 57570?
True
Does 4 divide 485178?
False
Is 15708 a multiple of 11?
True
Is 11 a factor of 5468?
False
Is 265083 a multiple of 14?
False
Does 576 divide 217052?
False
Does 9 divide 1906506?
True
Does 8 divide 112904?
True
Is 54 a factor of 14014?
False
Is 5 a factor of 30341?
False
Is 932996 a multiple of 753?
False
Does 87 divide 3685327?
False
Is 282 a factor of 2820?
True
Is 190490 a multiple of 12?
False
Does 71 divide 589630?
False
Is 21 a factor of 309334?
False
Is 1915331 a multiple of 25?
False
Is 16 a factor of 107768?
False
Is 16 a factor of 8077888?
True
Is 894864 a multiple of 48?
True
Is 67075 a multiple of 25?
True
Is 29 a factor of 51939?
True
Is 15817881 a multiple of 961?
False
Is 520 a factor of 11753040?
True
Does 126 divide 1167138?
True
Is 112 a factor of 138791?
False
Does 7 divide 631666?
True
Does 306 divide 149328?
True
Is 149 a factor of 28625816?
False
Is 204 a factor of 51612?
True
Is 38 a factor of 2017643?
False
Is 6254748 a multiple of 105?
False
Is 27 a factor of 2255716?
False
Is 338314 a multiple of 38?
True
Is 7683 a multiple of 197?
True
Does 18 divide 43552?
False
Is 199654 a multiple of 91?
True
Is 1986884 a multiple of 299?
False
Is 586 a factor of 1472618?
True
Is 29746 a multiple of 139?
True
Is 108 a factor of 14195602?
False
Is 2476877 a multiple of 221?
False
Does 32 divide 275853?
False
Does 8 divide 156293?
False
Does 19 divide 15652485?
True
Is 9710 a multiple of 5?
True
Is 93 a factor of 2059676?
False
Does 12 divide 9864?
True
Is 118 a factor of 170381?
False
Is 282 a factor of 8367804?
False
Does 37 divide 1601649?
False
Is 27 a factor of 5445009?
True
Is 316019 a multiple of 238?
False
Does 273 divide 1140048?
True
Is 52772 a multiple of 79?
True
Is 273260 a multiple of 260?
True
Does 2 divide 161740?
True
Does 107 divide 440029?
False
Does 7 divide 6562?
False
Is 541 a factor of 10302473?
False
Is 8 a factor of 1309304?
True
Is 15 a factor of 74820?
True
Is 2149626 a multiple of 46?
True
Does 45 divide 1390837?
False
Does 14 divide 242322?
False
Does 221 divide 8722928?
False
Is 402336 a multiple of 48?
True
Does 67 divide 1232749?
False
Does 233 divide 413605?
False
Does 140 divide 42980?
True
Is 10 a factor of 1560940?
True
Does 46 divide 5184373?
False
Is 44151 even?
False
Is 32930439 a multiple of 565?
False
Does 189 divide 162540?
True
Is 2722433 a multiple of 5?
False
Does 116 divide 328096?
False
Does 276 divide 78678?
False
Does 91 divide 1030078?
False
Does 22 divide 18687?
False
Does 3 divide 6314?
False
Is 9 a factor of 11651702?
False
Is 191 a factor of 265872?
True
Is 899530 a multiple of 683?
False
Is 6 a factor of 252690?
True
Is 52 a factor of 2648204?
True
Is 258 a factor of 193779?
False
Is 65 a factor of 339000?
False
Does 261 divide 11578525?
False
Is 1786015 a multiple of 35?
True
Does 62 divide 148118?
True
Does 309 divide 2968437?
False
Is 30 a factor of 749430?
True
Is 427680 a multiple of 51?
False
Does 54 divide 667224?
True
Does 29 divide 29493?
True
Is 12 a factor of 663170?
False
Is 153872 a multiple of 8?
True
Is 461 a factor of 548960?
False
Does 235 divide 497495?
True
Does 81 divide 79947?
True
Does 53 divide 19995507?
False
Is 6 a factor of 4468?
False
Is 82584 a multiple of 248?
True
Is 76 a factor of 1856908?
True
Does 12 divide 363059?
False
Is 48 a factor of 954192?
True
Is 84074 a multiple of 254?
True
Does 30 divide 399150?
True
Is 10 a factor of 57971?
False
Is 460777 a multiple of 163?
False
Is 189399 a multiple of 7?
True
Is 4 a factor of 1085871?
False
Is 35 a factor of 229171?
False
Does 18 divide 94178?
False
Is 48 a factor of 1393671?
False
Does 783 divide 292059?
True
Does 81 divide 13639914?
True
Is 68 a factor of 101822?
False
Does 14 divide 17640004?
False
Does 39 divide 28528?
False
Is 439 a factor of 6307113?
True
Is 1218839 a multiple of 75?
False
Is 345330 a multiple of 9?
True
Is 1051308 a multiple of 19?
True
Is 6101338 a 